, 43
Suppose 0 = -c + z + 10, 7*c + 4*z = 3*c. Let x be (1 - -66)*5/c. Suppose -x = 5*o - 317. List the prime factors of o.
2, 5
Let x be ((-1962)/12)/(-3) - 2/4. Let f = x - 52. Let u(g) = 17*g - 3. What are the prime factors of u(f)?
31
Suppose 2*h + 2*h - 36 = 0. Let g(c) = c**2 - 4*c - 18. Let l be g(h). Suppose -l*d = -28*d + 17. List the prime factors of d.
17
Let w(i) = -i**3 + 4*i**2 + 23*i + 1. Let m be w(7). List the prime factors of 4746/m + 26/(-65).
2, 79
Let d(z) = -3*z**3 - 188*z**2 + 61*z - 148. List the prime factors of d(-64).
2, 3083
Let b(t) = -280*t**3 - 5*t**2 + 48*t + 236. List the prime factors of b(-4).
2, 17, 263
Suppose 0 = 5*b, 6*x - 3*x - 12 = -b. Suppose 2*z - 64 = x. Suppose -z = -2*p - 2*l, 0*l + 4 = -l. List the prime factors of p.
3, 7
Let t(s) = 202*s**2 + 14*s + 276. What are the prime factors of t(-6)?
2, 3, 311
List the prime factors of (-184)/(-69)*(-493977)/(-44).
2, 14969
List the prime factors of (13 - 9867/26)*-12.
2, 3, 733
Let j(l) = 21*l - 6. Let p be 2 + (-7)/((-28)/(-16)). Let w be p/(-7) + (-114)/(-42). List the prime factors of j(w).
3, 19
Let u(s) be the second derivative of -s**5/10 - s**4/4 - s**3 + 13*s**2/2 - 49*s. List the prime factors of u(-7).
2, 3, 11
What are the prime factors of (19/19 - 5)*-1929?
2, 3, 643
Let y = 46 + 96. Let r be y - ((-5)/5)/1. Suppose 3*u = l + 445, u - r = -9*l + 4*l. What are the prime factors of u?
2, 37
What are the prime factors of (-3747)/(7 + 35/(-7))*(-42)/9?
7, 1249
Let f = -28 + 30. Let i(b) = b**2 - 3*b**2 - 3*b - 7 + 3*b**f + 2*b. What are the prime factors of i(5)?
13
Let t = 104059 - 65125. List the prime factors of t.
2, 3, 7, 103
Suppose -560097 = 95*i - 1993172. List the prime factors of i.
5, 7, 431
Let i(g) = g**3 - 19*g**2 + 8*g - 87. Let u(m) = -m**2 + m. Let d(o) = i(o) - 4*u(o). What are the prime factors of d(16)?
233
Let m(q) = -3*q**3 + 5*q**2 + 4*q + 26. Suppose 0 = 4*s + 5*j + 12, -25*j = 4*s - 29*j + 48. What are the prime factors of m(s)?
2, 5, 37
Let s(c) = 15*c - 19. Suppose -33*k = -11*k - 440. What are the prime factors of s(k)?
281
List the prime factors of -12 + 328176/9 - (-2 - (-1 - 2)).
36451
Let j(x) be the first derivative of -x**2/2 + 2*x + 6. Let u be j(0). Suppose -5*s = -a - 431, -a + 344 = 4*s - u*a. List the prime factors of s.
3, 29
Let a(g) = 7*g**2 + 40*g - 7. Let j be a(-6). What are the prime factors of 372/(-10)*((-625)/10)/j?
3, 5, 31
Suppose 10*j - 5545 = 5*j - g, -2*g = -j + 1120. What are the prime factors of j?
2, 3, 5, 37
Let o(j) = 362*j**3 + 3*j**2 - 2*j + 3. Let b(r) = -363*r**3 - 2*r**2 + r - 2. Let g(n) = -3*b(n) - 2*o(n). What are the prime factors of g(1)?
2, 3, 61
Let m(u) = -247*u + 8557. List the prime factors of m(-53).
2, 3, 11, 41
Let b = 1434 - 276. Suppose 108*q = 107*q - 3*c + b, 2*q - 2338 = 5*c. List the prime factors of q.
2, 3, 97
Let t = -6909 - -11918. What are the prime factors of t?
5009
Let c = 39 + -27. Suppose 0 = -2*q + c - 2. Suppose 0 = q*g + 150 - 600. List the prime factors of g.
2, 3, 5
Let z = -35 - -44. Let h = z - -358. Let x = h + -198. List the prime factors of x.
13
Let k(w) = w**2 + 3*w + 37. Suppose 0*m + 90 = 4*m + 3*q, 0 = -4*q + 8. List the prime factors of k(m).
541
Let v = -32909 - -63952. What are the prime factors of v?
37, 839
Suppose -16*q + 183 = -169. Suppose -11*v + q*v = 6644. List the prime factors of v.
2, 151
Let z(b) = 12*b**2 + 24*b + 62. Let f be z(-12). List the prime factors of (-6)/27 + f*15/54.
3, 139
Let p = 364 + -367. List the prime factors of p/(((-33)/904)/11).
2, 113
Let c(y) = -132*y**2 + y - 5. Let z(n) = n**3 + 4*n**2 + 4. Let h be z(-4). Let o(w) = 33*w**2 + 1. Let q(x) = h*c(x) + 18*o(x). List the prime factors of q(1).
2, 17
Suppose 191*g - 6324750 = -34*g. List the prime factors of g.
2, 3, 5, 937
Let c(o) = -o**3 + 10*o**2 + 2*o - 18. Let v be c(10). Let f be ((-3)/v)/((-21)/868). Let y = f - -40. What are the prime factors of y?
2, 3, 17
Let z(x) be the third derivative of x**5/60 + 7*x**4/12 - 5*x**3/2 - 5*x**2. Let o be z(-15). Suppose -m = -o*m - 81. List the prime factors of m.
3
Suppose 0*p - 5*p - 3*s = -924, -5*s - 940 = -5*p. Suppose p = 2*m - 328. List the prime factors of m.
257
Let c(z) = 11*z - 81 + 12*z + 305 - 11*z + 18*z. List the prime factors of c(15).
2, 337
Suppose -50*t + 114958 + 129596 = -69446. List the prime factors of t.
2, 5, 157
Let u(h) = 652*h**2 + 2*h + 10. Let r be u(-3). Suppose 7*m - r = -m. Suppose -6*i - 146 + m = 0. List the prime factors of i.
2, 7
Suppose 9*p + 1017 = -0*p. Let b = -43 - p. Suppose -b - 57 = -2*n + 3*v, 0 = -4*n - 5*v + 287. What are the prime factors of n?
2, 17
Suppose -5*r + 24153 = 4*k, -5*k - 39*r = -38*r - 30186. What are the prime factors of k?
6037
What are the prime factors of -7 + (-6204387)/(-231) - 6/(-33)?
2, 7, 137
Let v(a) = a**3 - 36*a**2 + 75*a + 10. Let g be v(34). Suppose -i - 71 = -g. List the prime factors of i.
3, 59
Suppose -9*m - 4*m = 61123 - 369015. What are the prime factors of m?
2, 31, 191
Let y(z) = 47*z**2 + 68*z - 37. Let u be y(15). Suppose 4130 - u = -6*o. What are the prime factors of o?
2, 619
Let o(w) = -w**2 + 17*w + 4. Let b be o(17). Suppose -3157 = -15*y + b*y. What are the prime factors of y?
7, 41
Let d = -371 + 228. Let o = d + 313. List the prime factors of o.
2, 5, 17
Let q(m) = 2*m**2 + 8*m + 2. Suppose k + 0 = -4*l + 1, 5*k = -4*l + 21. Let u be 0 - l/((-87)/(-21) - 4). What are the prime factors of q(u)?
2, 3, 13
Let q be (69/21 + (-12)/42)*1. Suppose -11*u = -8*u - q*h - 243, -4*u - 3*h = -303. What are the prime factors of u?
2, 3, 13
Suppose -5*v + 0*p + 94 = 2*p, -2*v = -p - 43. Let a(t) = 3*t**2 - 43*t + 25. What are the prime factors of a(v)?
5, 73
Let g = -104 - -97. What are the prime factors of (716/g)/((-378)/(-49) - 8)?
2, 179
Let n be (5 - 5)/(-3 + 2). Suppose x - 4*p - 142 = n, -x + 496 = 2*x + 2*p. Suppose -x = w - 3*w. What are the prime factors of w?
3
Let a(t) = -21*t**2 + 4*t + 35. Let s be a(-4). Let z = s + 610. List the prime factors of z.
293
Suppose 16*d - 7 = 15*d. Let y(p) = -2*p + 72. List the prime factors of y(d).
2, 29
Let s(q) = -q**3 - 18*q**2 + 14*q - 34. Let l be s(-19). Suppose 220 = b - p, -3*b = 5*p - 753 + l. List the prime factors of b.
2, 7
Let x be -2*(-499)/8 + 3/12. Let h = x + -127. What are the prime factors of 122*(3 - 21/6 - h)?
3, 61
Let l be 5 + (14 - 7) - 7. Suppose -10*b + 4*a + 60 = -6*b, 2*b - 36 = l*a. List the prime factors of b.
13
Suppose -2*f = 4*t - 53626, 8*t = -2*f - 10028 + 117286. List the prime factors of t.
2, 419
Suppose -4*t - 2*r + 25768 = 0, -8*r = -t - 3*r + 6486. List the prime factors of t.
2, 11, 293
Suppose 129 = -2*u - 23. Let l = u + 49. Let t = 101 - l. What are the prime factors of t?
2
Let z = 118434 + -83238. What are the prime factors of z?
2, 3, 7, 419
Let h(t) = 3084*t - 1345. List the prime factors of h(14).
59, 709
Let c be 3/((-148)/(-88) + 6/(-33)). Suppose 0 = 4*m - c*g - 5006, m + 5*g - 615 - 620 = 0. List the prime factors of m.
2, 5
Let n(i) = -6*i + 45. Let f be n(6). Let p(r) = 40*r. What are the prime factors of p(f)?
2, 3, 5
Let z = -2 - 164. Let n = 277 + z. What are the prime factors of n?
3, 37
Let c be -1*(2 - -1) + (1001 - 16). Let m = -685 + c. What are the prime factors of m?
3, 11
Let u = 5 - 5. Suppose u = -2*f + 23 + 167. Let w = f + -54. What are the prime factors of w?
41
Let o be 936/40 + 6/10. Suppose 0 = -o*j + 28*j. Suppose -5*m - 2*g = -252, j = 4*m - 2*g - 45 - 153. What are the prime factors of m?
2, 5
Let k = -197 + 759. Suppose 0 = q - 4*v - 506 + 126, -3*q + 4*v + 1156 = 0. Let r = k - q. What are the prime factors of r?
2, 3, 29
Suppose -14*y + 1 = -15*y, -347 = -q + y. Let h = 1601 - q. List the prime factors of h.
5, 251
Let x be (-3)/((-18)/(-286)) - 5/15. Let h = x + 50. Suppose -172 = -h*q - 4*j, 4 - 9 = j. What are the prime factors of q?
2, 3
Let z be 2182/(-10)*-1 - (-1)/(-5). Let j = z + -161. List the prime factors of j.
3, 19
Suppose 0 = 2*j + 2*k - 468, k + 541 + 400 = 4*j. What are the prime factors of j?
5, 47
Suppose 0 = 3*h, -2*b = 3*h - 80 - 248. Suppose 4*x + 154 - 1310 = 0. Let y = x - b. What are the prime factors of y?
5
Suppose -6*b = -1048 - 770. List the prime factors of 2/(-4)*b/